+ (-1 + -17 - (83 + -93))?
14
What is the value of (6 - ((15 - (5 + 2)) + -11)) + 19?
28
Calculate 11 - 16 - -7 - 23 - -11.
-10
Calculate (19 - 1) + (33 - (66 + -43)).
28
Evaluate (-4 - (-6 - -8)) + (16 - -2) - 1.
11
Calculate (1 + -6 - -3) + 4.
2
Evaluate (-10 - (3 + -8)) + (-2 - (-1 + 12)).
-18
Evaluate 8 - ((11 - 8) + -9).
14
Evaluate -14 - (-2 + (1 - ((-2 - 4) + 5))).
-14
What is 21 + 1 - (-18 + 56)?
-16
What is the value of 4 + 0 - ((1 - 3) + 1 + 3)?
2
Calculate -8 - (-7 - (4 + 2 + -17)).
-12
Calculate (10 - (-22 - -14)) + -10.
8
Evaluate (-3 - 9) + 6 - ((-16 - -5) + 4).
1
What is the value of (0 + -1 - (31 - 28)) + 6 + 1?
3
What is -13 + -24 + 51 - 17?
-3
Calculate 14 + (1 - 4) - (-3 - 24) - 3.
35
What is 6 - (42 + -17 + -2)?
-17
What is -28 + 16 + (-20 - -5)?
-27
0 + -7 + 45 + -52
-14
4 - (-6 + (4 - 4 - -7) + -11)
14
Calculate (3 - 1) + (17 - -2 - 10).
11
Evaluate (18 - 15 - 8 - -6) + -19.
-18
Evaluate 23 + -10 + (4 - (5 + -4 + 3)).
13
What is -28 + (14 - (-20 - -12))?
-6
-2 - (6 + -5) - (-58 + 63)
-8
What is -2 + (-20 - 0) + 11?
-11
What is the value of 31 + (-28 - (16 - 33))?
20
(58 - 52) + (4 - -3)
13
Evaluate 7 + 26 + (-75 - -26).
-16
Calculate (1 + -2 - 0) + (-12 - -32 - 25).
-6
What is the value of ((3 - 1) + (3 - 2) - 4) + 25?
24
What is the value of ((-8 - -1) + 15 + -4 - 7) + 18?
15
-7 - (-11 + 2) - (-15 - 2)
19
(-309 - -283) + (2 - -17)
-7
What is the value of -7 - 2 - (-6 - -2)?
-5
What is the value of 20 + (337 + -330 - (8 - -1))?
18
What is the value of -955 - -953 - (1 - 25)?
22
What is 50 + (10 - 19) - (3 + -10 + 18)?
30
1 + -2 + -8 + -9 + 11
-7
Evaluate (-28 - -4) + (23 - 8).
-9
What is the value of (229 - 245) + -2 + 31?
13
Calculate -8 - ((-30 - -8) + 19).
-5
0 + -14 - (206 + -207)
-13
-18 + (12 + -9 - 6) + 10
-11
(30 - (-40 + 29)) + -24
17
Evaluate -5 + (-12 + 4 - -2 - -13).
2
24 + -5 - (1 + 15)
3
Evaluate (-15 - (-11 - 7)) + (8 - (0 - 1)).
12
What is the value of 17 + (-31 - -20) + -3?
3
Evaluate 20 + -15 + -22 - -5.
-12
Evaluate (-5 - -4) + 9 + 0 + 2.
10
Evaluate 8 + (-6 + 6 - -3) + -4.
7
Calculate -23 + 25 + -12 + 5.
-5
What is 5 - (10 + -4) - -3 - 8 - -14?
8
What is the value of 9 + (-4 - -25 - 22)?
8
What is the value of (3 + -6 - 4) + (-7 - 0)?
-14
What is the value of 2472 + -2479 - (-10 + -1 + 0)?
4
Evaluate 1 + 5 - (44 - -17 - 60).
5
-43 - (28 - 36) - -15
-20
What is the value of 26 + -1 + -1 - (46 - 6 - 37)?
21
What is the value of -9 + (-16 + 22 - -22)?
19
Evaluate ((6 - 10) + 5 - 1) + -4.
-4
Calculate -1 - ((28 - (-4 - -12)) + -10) - 28.
-39
What is the value of 6 + -5 + 6 + (5 - (3 - -2))?
7
What is the value of -3 + 25 + (-2 - 10 - -3)?
13
What is 6 + (-8 + -3 - (-8 + 11 - 1))?
-7
Evaluate 0 - (3 - (1 - (6 - 8))) - 13.
-13
-20 + (17 - -13 - 18)
-8
What is the value of 15 + -18 - (7 - 0) - (19 - 6)?
-23
What is the value of 17 + 0 + -35 + (-22 - -29)?
-11
Evaluate -29 + 20 + -16 + 36.
11
What is the value of -22 - ((15 - 31) + 1)?
-7
Evaluate (20 - 16) + -6 + 21 + -6.
13
What is the value of -23 + 5 - (-3 + 0 + (-24 - -32))?
-23
Calculate (-2 + (3 - -1) - 10) + 18 + 2.
12
What is (-11 - (7 - -1)) + (38 - 18)?
1
What is 33 + (-14 - (53 + -49 - (0 + 9)))?
24
What is (-2 + 4 - 5) + (8 - 8 - -11)?
8
Evaluate 6 - ((-4 - (3 - 10)) + 4).
-1
11 - -3 - 27 - 8
-21
What is 7 - (8 + (0 - 7) + -9)?
15
What is the value of (1 - 9) + 12 - (0 + -3 + -2)?
9
Calculate 22 + (3 - -8) + (-19 - -9).
23
What is the value of 5 + (-5 - 3) + -4 - -5?
-2
Evaluate 0 + -7 - (-52 - -26 - -38).
-19
What is -2 - ((-12 - -2) + -4)?
12
What is -24 - (-1 + 2 - (17 - 2))?
-10
Calculate -5 + 12 + (-2 - -6) - (17 - 16).
10
What is -3 + -3 - (6 + (-3 - (8 - 6)))?
-7
(-4 - -1) + -6 + 3 - (-1 - 14)
9
What is 21 - 4 - 15 - (1 + 12)?
-11
What is 59 - 40 - (17 - 4)?
6
What is -7 + 0 + 0 + 13 + -8?
-2
What is the value of (7 - (1 - 1)) + (-8 - -39) + -25?
13
What is 3 + -5 - (-10 + (38 + -13 - 0))?
-17
Calculate (-23 - ((-2 - 4) + -11)) + (0 - 7).
-13
What is the value of 5 - (11 - (7 - -2 - 5))?
-2
13 + 1 - ((-1 + 4 - 3) + 1)
13
What is -29 + 5 + -38 + 47?
-15
Calculate 10 + -1 + -3 + (0 - 9) + 2.
-1
9 + 3 - (-99 - -102)
9
What is the value of -36 - ((5 - -2) + -36)?
-7
What is the value of 13 + 2 + (6 - (8 - (9 + -7)))?
15
What is 1 + 10 + -18 - (-19 + -8 + 8)?
12
What is -3 + (-2 - 7) + 2 - (1 + -2)?
-9
What is (4 - 4) + (-20 - (-76 + 35))?
21
What is (-8 - -3 - (2 + -4)) + (5 - 4)?
-2
What is the value of (-4 - 1) + (-23 - -11 - -32)?
15
What is the value of (13 - (11 - (-4 - -11))) + -10 + 16?
15
Evaluate 24 + -17 - 13 - -31.
25
Calculate -34 + -22 + 26 - -19.
-11
What is (-14 + -6 - -28) + -19?
-11
Evaluate (-1 - 1) + (-83 - -68) + 7.
-10
Calculate (-27 - (-36 + 14)) + -3.
-8
What is -26 + 2 + 0 + 10 + -2?
-16
What is the value of -68 + (45 - (8 - -1))?
-32
Evaluate -1 + -12 - (54 - 60).
-7
What is the value of -26 - (29 + -56) - (7 - (-1 + 2))?
-5
Calculate (-3 - (4 - -2)) + (-10 - -28) + -11.
-2
Evaluate (3 - 22) + 98 + -82.
-3
Calculate 31 + (36 - 49) + (0 - -5) + 5.
28
-5 - (-11 + 7) - 8 - -25
16
-3 - -3 - 7 - (-52 + 55)
-10
What is the value of 80 + -98 - (-1 + -14)?
-3
Calculate 20 - -4 - (4 + 11 - 6).
15
8 - (31 + -4 + -4 + -6 + 1)
-10
Calculate 0 + (-9 - -11 - 2) + -4.
-4
Evaluate 6 - (7 - -1 - 8) - -4.
10
What is the value of 9 + (-3 - (-2 - (5 - 7)))?
6
Evaluate 2 - 4 - 10 - (148 - 159).
-1
What is (5 - (-11 + 13)) + -3 + 14 + -2?
12
Calculate (1 - 2) + -1 + (-3 - 7).
-12
(-5 + -4 + 7 - (32 + -41)) + -6
1
Evaluate (2 - -13) + (55 - 62).
8
Calculate (-2 - -22 - (-8 + 4)) + -5 + -1.
18
Calculate 12 + (4 - 6) - -4.
14
-24 + (-6 - -5 - (10 - 16 - 0))
-19
What is 18 - (-4 - (12 + -27)) - (2 + 10)?
-5
What is -5 - 1 - (-19 + 14 + -4)?
3
What is the value of 1351 - 1371 - (-44 + 0)?
24
What is 0 + -4 - ((-3 - -1) + 22 + -25)?
1
What is the value of -28 - (-22 + 12 + -2) - -10?
-6
(-10 - (2 - 3)) + -1 + 38 + -7
21
What is (8 - -1) + (-16 + 2 - (-41 - -26))?
10
What is the value of -1 + 14 + (-12 - (-36 + 50))?
-13
Calculate -27 - (-28 + 14 + 0).
-13
Calculate 4 - (-7 + -7 + 28).
-10
What is -7 + 4 - (22 - 1 - 5)?
-19
What is the value of (-13 - 1 - 4) + 12?
-6
What is -2 - -19 - 1 - (-17 + 26)?
7
-16 - (22 + -54 - -17) - (0 - 19)
18
Evaluate (-95 - -97) + 0 + -8.
-6
What is the value of 0 - 1 - (-8 + -8 + 33 + -31)?
13
What is 9 - -1 - (-119 - -133)?
-4
-21 - 0 - (-51 + 42) - (-2 + 21)
-31
What is 22 + 3 + (-8 - 5) + 11?
23
-7 + 1 - (-68 + 47)
15
Evaluate 49 + 33 + -16 + -29 + -5.
32
((4 - 0) + 9 - 4) + -6 + 6
9
What is the value of 6 + -37 + (90 - 82)?
-23
What is the value of 3 + 8 - (-3 + (2 - -29) - -3)?
-20
What is -3 - -10 - (-38 + 45)?
0
Evaluate -1 + (10 - ((-3 - -10) + (2 - 11))).
11
What is the value of 1 - (-58 + 61 + -24)?
22
Calculate -46 - -40 - (1 - 0 - -1) - 2.
-10
Calculate -11 - (-3 - -1) - (-1104 + 1128).
-33
Calculate 20 + -8 + 5 - (-6 - 5) - 0.
28
Evaluate 44 - (10 + -24 + 62).
-4
What is the value of (-25 - (-35 - -25)) + (-9 - (-6 + 3))?
-21
(17 - 0) + 147 + -150
14
Calculate 0 + -2 + 2 - (-7 + 27 - 51).
31
Evaluate -5 - 20 - (-4 - -5 - 4).
-22
What is 3 + (3 - (-3 - 0)) + -5?
4
Evaluate 40 - (-11 + 20 + 14).
17
What is the value of 4 + -13 + -5 + (6 + -8 - -20)?
4
What is 8 - (-5 + -1 + (2 - -1))?
11
Evaluate (39 - -3) + (-139 - -114).
17
Calculate -6 + 11 + 8 + -15.
-2
What is 0 + 11 + -246 + 241?
6
What is -20 - ((-1 + 0 - 1) + -2)?
-16
What is 26 - ((-10 - -23) + -4 + -2)?
19
What is the value of 13 + -5 + -15 - (-2 - 0)?
-5
Evaluate (0 - (-6 - 9)) + -23.
-8
Calculate -13 + 14 + -10 + (8 + -2 - 1).
-4
What is (-1 - (-8 + 4) - -3) + 5?
11
Evaluate -2 - -12 - (-15 - 10 - -33).
2
Calculate -4 + 1 + -4 - (1 - 15).
7
2 + 2 - (-3 - -10 - -14)
-17
7 - (8 + -2 + 1 - 11)
11
Evaluate 6 + (3 - (-2 + 8)) - (-54 + 46).
11
Calculate 1 - -21 - ((0 - -8) + -2).
16
6 + -13 + -9 - (-14 - 18)
16
Evaluate 51 + (-30 - -6) - 11.
16
-11 + -2 - -13 - -2
2
What is -5 - (-5 + 0 - -13)?
-13
29 - 28 - (-6 + -5 + -2)
14
Evaluate (-34 - -27) + -12 + (2 - 2).
-19
Calculate (42 - (-8 - -37)) + 4.
17
Evaluate 4 + -5 + (-4 - -4) - (-31 - -38).
-8
Evaluate (49 - 8) + -89 + 51.
3
(8 + -14 - -5) + 1 + 2
2
4 + (-2 + -1 - -6) + -18 + 3
-8
What is 5 + -1 + -6 + 4 + 12 + -7?
7
Calculate 7 - (0 + -29 + (182 - 170)).
24
What is the value of 1 - 1 - 0 -